Let p(x) = 58*x + 39. Determine p(-1).
-19
Let m(v) = -3*v - 16. Determine m(-2).
-10
Let m(i) = -10*i - 177. Calculate m(-18).
3
Let t(q) = q**2 - 26. Calculate t(-7).
23
Let f(h) = -6*h**2 - 2*h - 2. Determine f(-3).
-50
Let h(b) = b**2 + 14*b + 7. Determine h(-9).
-38
Let s(i) = 5*i - 37. Calculate s(9).
8
Let f(x) = 3*x + 33. What is f(-10)?
3
Let d(f) = -2*f + 2. What is d(5)?
-8
Let j(g) = -72*g**3. Give j(1).
-72
Let v(h) = h**2 - 7*h + 1. What is v(6)?
-5
Let u(l) = -15*l**3 - 2*l**2 + 2*l. Calculate u(2).
-124
Let b(z) = 10*z**3 + z**2 + z - 1. What is b(1)?
11
Let h(n) = -n + 12. Give h(-8).
20
Let w(g) = 32*g**3 + 2*g**2 - 1. Determine w(1).
33
Let l(s) = -s**3 + 68*s**2 - 8*s + 534. Determine l(68).
-10
Let w(r) = 2*r**2 + 22*r - 27. What is w(-12)?
-3
Let j(p) = 11*p**2 + 4*p - 6. Determine j(-4).
154
Let l(b) = -b**3 - 7*b**2 + 11*b + 3. Calculate l(-8).
-21
Let p(o) = 6*o + 12. Give p(14).
96
Let k(x) = x**2 - 10*x + 12. Determine k(9).
3
Let a(c) = c**3 + 3*c**2 - 3*c + 10. Calculate a(-5).
-25
Let a(g) = 2*g**3 - 2*g**2 + 3. Calculate a(2).
11
Let h(r) = -r**3 - 7*r**2 - 9*r - 7. What is h(-6)?
11
Let s(h) = -5*h**3 - h**2 + h + 2. Calculate s(2).
-40
Let x(k) = 7*k**2 + 2*k - 1. Determine x(1).
8
Let o(h) = -h**3 + 4*h**2 + 7*h - 5. Give o(5).
5
Let o(p) = -6*p + 3. What is o(2)?
-9
Let p(c) = c**3 + 11*c**2 + 7*c + 227. Calculate p(-12).
-1
Let l(y) = 21*y**2 - 1. Calculate l(1).
20
Let s(p) = -p**2 - 18. Determine s(0).
-18
Let j(k) = -k - 16. Calculate j(-11).
-5
Let v(r) = r**3 - 6*r**2 - 5*r - 1. Give v(8).
87
Let l(a) = a**3 - 7*a**2 + 3*a + 9. Calculate l(6).
-9
Let k(i) = -3*i**2 - 21*i + 13. Give k(-6).
31
Let l(k) = -k**3 + 12*k**2 + 13*k + 5. Calculate l(13).
5
Let v(p) = -p**2 - 4*p + 15. Give v(-7).
-6
Let n(a) = -a**3 - 4*a**2 + 5*a + 2. Calculate n(-5).
2
Let t(b) = b**3 - 4*b**2 + 2*b + 2. What is t(4)?
10
Let n(c) = 6*c**2 - 3*c + 2. Give n(1).
5
Let d(h) = 5*h - 28. Calculate d(16).
52
Let p(q) = -7*q - 1. Determine p(1).
-8
Let k(h) = 5*h - 1. Give k(-3).
-16
Let c(w) = 2*w**2 + 2*w + 14. Give c(0).
14
Let s(n) = 6*n - 6. Calculate s(-5).
-36
Let t(g) = -13*g**3 + g**2 + g. Give t(-1).
13
Let y(p) = -p**3 - 2*p**2 + 10*p + 8. Determine y(-4).
0
Let k(i) = -8*i - 8. Calculate k(9).
-80
Let d(a) = 3*a**3 + a**2 - 1. Determine d(-1).
-3
Let r(h) = 23*h + 21. Give r(-1).
-2
Let b(j) = -j**2 - 8*j + 6. What is b(-7)?
13
Let v(i) = -i - 6. Calculate v(11).
-17
Let r(t) = t - 2. What is r(-2)?
-4
Let z(q) = q**2 + 4*q - 2. Give z(3).
19
Let h(w) = -w**3 + 8*w**2 - 12*w + 9. Determine h(6).
9
Let n(l) = 3*l. What is n(-2)?
-6
Let a(o) = 2*o + 5. Give a(-7).
-9
Let u(g) = -g**3 + 3*g**2 + 9*g + 3. Determine u(-5).
158
Let u(z) = z**3 + 5*z**2 - 14*z - 7. What is u(-7)?
-7
Let a(i) = -i**2 + 4*i - 6. Give a(3).
-3
Let t(z) = -z**3 - 25*z**2 - 66*z - 34. Give t(-22).
-34
Let n(v) = -2*v**2 + 5*v + 7. Calculate n(3).
4
Let f(l) = 5*l**2 + 38*l - 10. Determine f(-11).
177
Let m(w) = -w**3 + 20*w**2 + 18*w + 57. Determine m(21).
-6
Let k(m) = -2*m**2 - 7*m + 9. Determine k(5).
-76
Let l(g) = -4*g**2 + 2*g - 4. What is l(2)?
-16
Let h(s) = 3*s - 24. What is h(8)?
0
Let o(d) = -3*d**3 + d**2 - 9*d - 10. Give o(0).
-10
Let u(n) = 36*n**3 + n**2 - 2*n + 1. Give u(1).
36
Let m(w) = w**2 - 4*w - 18. Determine m(7).
3
Let l(z) = z**3 + 4*z + 7. Give l(-4).
-73
Let s(f) = f**2 + 12*f - 44. Determine s(-15).
1
Let x(t) = -t - 33. What is x(-15)?
-18
Let p(d) = -d**3 + 12*d**2 - 30*d - 11. What is p(7)?
24
Let m(q) = -4*q + 46. Determine m(12).
-2
Let c(n) = -7*n**3 - 5*n**2 + 2. What is c(1)?
-10
Let p(v) = 5*v**2 + 4*v + 25. What is p(-5)?
130
Let r(c) = 6*c**3 - 3*c + 2. Determine r(-2).
-40
Let t(l) = -l - 2. Calculate t(8).
-10
Let u(l) = 4*l**3 + 10*l**2 + 3*l + 1. Give u(-2).
3
Let u(s) = 12*s + 239. Calculate u(-21).
-13
Let a(p) = 3*p**2 - 145*p + 49. Calculate a(48).
1
Let a(q) = -2*q + 5. What is a(10)?
-15
Let a(l) = -18*l + 126. What is a(8)?
-18
Let a(j) = -4*j**2 - 10*j - 2. What is a(-3)?
-8
Let x(y) = -y**2 + 4*y - 18. Give x(0).
-18
Let j(n) = n**3 + 8*n**2 - 8*n + 4. Calculate j(-9).
-5
Let w(q) = -2*q**2 + 7*q + 6. Give w(10).
-124
Let c(n) = -n - 33. What is c(0)?
-33
Let u(r) = -r**3 - 10*r**2 + 11*r + 5. Calculate u(-11).
5
Let r(j) = -j**3 + 7*j**2 + 4*j - 24. Calculate r(7).
4
Let a(r) = 18*r + 40. Give a(-4).
-32
Let x(m) = -2*m**2 + 2*m. What is x(-2)?
-12
Let a(h) = -2*h**2 - 10*h + 13. What is a(-7)?
-15
Let u(a) = -a**3 - 10*a**2 - 5*a + 3. Give u(-9).
-33
Let r(f) = f**3 - 12*f**2 - 3*f + 48. Calculate r(12).
12
Let b(z) = 20*z - 44. Give b(5).
56
Let a(u) = -2*u**2 - 17*u + 53. What is a(-12)?
-31
Let a(j) = -24*j - 1. Give a(-5).
119
Let j(y) = y**2 + 11*y - 66. What is j(4)?
-6
Let o(c) = 2*c**2 - 45*c + 230. What is o(8)?
-2
Let f(g) = -g**2 + 16*g + 38. Calculate f(16).
38
Let g(w) = -w**3 - 10*w**2 - 9*w - 16. Determine g(-9).
-16
Let a(l) = -l**3 - 8*l**2 - 9*l + 5. Determine a(-5).
-25
Let c(v) = 7*v + 95. What is c(-14)?
-3
Let k(j) = -j**2 - 6*j - 8. Give k(-6).
-8
Let t(m) = -12*m - 83. Determine t(-6).
-11
Let o(z) = z**3 + 26*z**2 - 25*z + 62. Give o(-27).
8
Let x(z) = -2*z**2 + 2*z. Give x(6).
-60
Let i(v) = v**3 + 5*v**2 + v + 2. Determine i(-5).
-3
Let q(p) = p**2 - 11*p - 52. Calculate q(15).
8
Let h(c) = -c + 10. Calculate h(0).
10
Let a(x) = -4*x**2 + 9*x - 2. Give a(6).
-92
Let c(u) = 2*u - 30. Determine c(13).
-4
Let o(u) = -u**2 - 7*u. Determine o(5).
-60
Let w(p) = -p**2 + 40*p + 142. Calculate w(43).
13
Let q(o) = o. Calculate q(12).
12
Let n(d) = d**3 - 13*d**2 + 10*d + 30. What is n(12)?
6
Let k(z) = -2*z**2 + 4*z - 1. Calculate k(-3).
-31
Let g(x) = x**3 + 8*x**2 - 2*x + 6. Give g(-8).
22
Let g(o) = 17*o - 146. What is g(7)?
-27
Let l(u) = -u**3 - 32*u**2 - 2*u - 67. Give l(-32).
-3
Let y(i) = -i**2 + 4*i + 3. Calculate y(6).
-9
Let p(t) = -6*t + 3. What is p(1)?
-3
Let s(f) = 2*f. Give s(-6).
-12
Let q(f) = 5*f**2 - f + 5. Give q(-3).
53
Let z(q) = -2*q - 12. Give z(-5).
-2
Let z(f) = f**3 + 4*f**2 + f - 5. Calculate z(-4).
-9
Let y(d) = -2*d**3 - 94*d**2 - 94*d - 88. Determine y(-46).
4
Let d(m) = 2*m**2 + 6*m + 5. Calculate d(0).
5
Let y(r) = r + 28. What is y(13)?
41
Let o(n) = 13*n - 2. Determine o(1).
11
Let a(p) = 79*p - 407. Calculate a(5).
-12
Let d(k) = -13*k + 3. Give d(0).
3
Let z(w) = -3*w**3 + 6*w**2 - 6*w. Give z(4).
-120
Let y(a) = -a**2 + 15*a + 49. Determine y(16).
33
Let l(x) = 27*x - 162. Give l(6).
0
Let f(r) = r**2 + 22*r - 20. Calculate f(-22).
-20
Let a(j) = -2*j**2 + 42*j + 36. What is a(22)?
-8
Let p(a) = -5*a + 142. Give p(0).
142
Let m(u) = -u**2 + 8*u - 6. Give m(6).
6
Let q(z) = 3*z**3 + 4*z**2 + 3*z - 2. What is q(-2)?
-16
Let g(u) = 10*u**2 + 4*u - 3. Calculate g(2).
45
Let c(o) = -o - 14. What is c(-8)?
-6
Let j(n) = n**2 + 12*n + 25. Determine j(-10).
5
Let a(k) = -42*k + 89. Calculate a(3).
-37
Let m(g) = -g**3 - 5*g**2 - 4*g - 6. What is m(-2)?
-10
Let u(t) = t**3 - 22*t**2 - 21*t - 54. What is u(23)?
-8
Let x(o) = o**2 + 12*o + 11. Determine x(-8).
-21
Let p(t) = -t**2 + 7*t + 17. Calculate p(8).
9
Let o(l) = 5*l - 103. Determine o(20).
-3
Let w(l) = -l**2 + 10*l + 2. Determine w(10).
2
Let z(q) = 2*q**2 - 2*q - 18. Determine z(-3).
6
Let l(o) = o**2 - 3*o - 110. Give l(12).
-2
Let i(h) = h**3 + 3*h**2 + h + 5. Give i(-3).
2
Let h(c) = 3*c**2 + 7*c + 2. Calculate h(-5).
42
Let h(u) = u**2 + 8*u - 3. What is h(-9)?
6
Let n(f) = -f + 1. Determine n(-1).
2
Let k(z) = -z**3 - 10*z**2 + 12*z + 25. Give k(-11).
14
Let p(y) = y**2 + 29*y + 209. Determine p(-15).
-1
Let i(x) = -3*x**2 + 5*x + 3. Determine i(-3).
-39
Let h(b) = b**3 - 7*b**2 + 11*b - 5. Give h(5).
0
Let a(j) = 2*j**3 - 15*j**2 + 4*j + 16. Give a(7).
-5
Let k(l) = -l**3 - 20*l**2 - 18*l + 28. Calculate k(-19).
9
Let n(m) = -54*m + 212. What is n(4)?
-4
Let k(d) = d**3 - d**2 - d - 3. Determine k(4).
41
Let c(v) = -v**2 + v - 62. What is c(0)?
-62
Let l(j) = -22*j**2 + 2*j - 2. What is l(2)?
-86
Let h(x) = -2*x**2 - 10*x + 10. Give h(-8).
-38
Let j(o) = -o**2 - 9*o - 10. What is j(-7)?
4
Let u(n) = -165*n**2 - 825*n + 1. What is u(-5)?
1
Let g(w) = 3*w**3 + 8*w**2 + 8*w. Give g(-1).
-3
Let l(c) = -6*c + 19. Give l(10).
-41
Let k(p) = -p**2 - p - 3. Calculate k(-3).
-9
Let g(s)